{"id":47,"date":"2021-05-11T11:14:55","date_gmt":"2021-05-11T11:14:55","guid":{"rendered":"http:\/\/centroeducativominimundo.com\/lp-become-a-teacher\/"},"modified":"2026-04-09T00:50:16","modified_gmt":"2026-04-09T00:50:16","slug":"lp-become-a-teacher","status":"publish","type":"page","link":"https:\/\/minimundo.edu.ec\/?page_id=47","title":{"rendered":"Lista de \u00fatiles escolares"},"content":{"rendered":"<style>\/*! elementor - v3.21.0 - 15-04-2024 *\/<br \/>\n.elementor-widget-image{text-align:center}.elementor-widget-image a{display:inline-block}.elementor-widget-image a img[src$=\".svg\"]{width:48px}.elementor-widget-image img{vertical-align:middle;display:inline-block}<\/style>\n<p>&nbsp;<\/p>\n<p><a href=\"https:\/\/minimundo.edu.ec\/wp-content\/uploads\/2026\/04\/1ro-basico-Lista-de-utiles-escolares-2026.pdf\" target=\"_blank\" rel=\"noopener\">1ro basico Lista de u\u0301tiles escolares 2026<\/a><\/p>\n<p><a href=\"https:\/\/minimundo.edu.ec\/wp-content\/uploads\/2026\/04\/2do-Basico-Lista-de-utiles-escolares-2026.pdf\">2do Basico Lista de u\u0301tiles escolares 2026<\/a><\/p>\n<p><a href=\"https:\/\/minimundo.edu.ec\/wp-content\/uploads\/2026\/04\/3RO-Basico-Lista-de-utiles-escolares-2026.pdf\">3RO Basico Lista de u\u0301tiles escolares 2026<\/a><\/p>\n<p><a href=\"https:\/\/minimundo.edu.ec\/wp-content\/uploads\/2026\/04\/4to-Basico-Lista-de-utiles-escolares-2026.pdf\">4to Basico Lista de u\u0301tiles escolares 2026<\/a><\/p>\n<p><a href=\"https:\/\/minimundo.edu.ec\/wp-content\/uploads\/2026\/04\/5to-Basico-Lista-de-utiles-escolares-2026.pdf\">5to Basico Lista de u\u0301tiles escolares 2026<\/a><\/p>\n<p><a href=\"https:\/\/minimundo.edu.ec\/wp-content\/uploads\/2026\/04\/6To-Basico-Lista-de-utiles-escolares-2026.pdf\">6To Basico Lista de u\u0301tiles escolares 2026<\/a><\/p>\n<p><a href=\"https:\/\/minimundo.edu.ec\/wp-content\/uploads\/2025\/04\/7Mo-Basico-Lista-de-utiles-escolares-2025-copia.pdf\">7Mo Basico Lista de u\u0301tiles escolares 2026<\/a><\/p>\n<p><a href=\"https:\/\/minimundo.edu.ec\/wp-content\/uploads\/2025\/04\/inicial-1-Lista-de-utiles-escolares-2025.pdf\">inicial 1 Lista de u\u0301tiles escolares 2026<\/a><\/p>\n<p><a href=\"https:\/\/minimundo.edu.ec\/wp-content\/uploads\/2026\/04\/inicial-2-Lista-de-utiles-escolares-2026.pdf\">inicial 2 Lista de u\u0301tiles escolares 2026<\/a><\/p>\n<p><a href=\"https:\/\/minimundo.edu.ec\/wp-content\/uploads\/2026\/04\/UTILES-DE-ASEO.pdf\">Utiles de aseo<\/a><\/p>\n<p>Aqu\u00ed podr\u00e1s descargar la lista de \u00fatiles escolares que vas a necesitar para el regreso a clases.<\/p>\n","protected":false},"excerpt":{"rendered":"<p>&nbsp; 1ro basico Lista de u\u0301tiles escolares 2026 2do Basico Lista de u\u0301tiles escolares 2026 3RO Basico Lista de u\u0301tiles escolares 2026 4to Basico Lista de u\u0301tiles escolares 2026 5to Basico Lista de u\u0301tiles escolares 2026 6To Basico Lista de u\u0301tiles escolares 2026 7Mo Basico Lista de u\u0301tiles escolares 2026 inicial 1 Lista de u\u0301tiles [&hellip;]<\/p>\n","protected":false},"author":1,"featured_media":0,"parent":0,"menu_order":0,"comment_status":"closed","ping_status":"closed","template":"","meta":{"footnotes":""},"class_list":["post-47","page","type-page","status-publish","hentry"],"_links":{"self":[{"href":"https:\/\/minimundo.edu.ec\/index.php?rest_route=\/wp\/v2\/pages\/47","targetHints":{"allow":["GET"]}}],"collection":[{"href":"https:\/\/minimundo.edu.ec\/index.php?rest_route=\/wp\/v2\/pages"}],"about":[{"href":"https:\/\/minimundo.edu.ec\/index.php?rest_route=\/wp\/v2\/types\/page"}],"author":[{"embeddable":true,"href":"https:\/\/minimundo.edu.ec\/index.php?rest_route=\/wp\/v2\/users\/1"}],"replies":[{"embeddable":true,"href":"https:\/\/minimundo.edu.ec\/index.php?rest_route=%2Fwp%2Fv2%2Fcomments&post=47"}],"version-history":[{"count":25,"href":"https:\/\/minimundo.edu.ec\/index.php?rest_route=\/wp\/v2\/pages\/47\/revisions"}],"predecessor-version":[{"id":578,"href":"https:\/\/minimundo.edu.ec\/index.php?rest_route=\/wp\/v2\/pages\/47\/revisions\/578"}],"wp:attachment":[{"href":"https:\/\/minimundo.edu.ec\/index.php?rest_route=%2Fwp%2Fv2%2Fmedia&parent=47"}],"curies":[{"name":"wp","href":"https:\/\/api.w.org\/{rel}","templated":true}]}}